-1) a composite number?
False
Let z(d) = -4*d - 13. Let h be z(10). Let m = 144 - h. Suppose -m - 462 = -3*l + 2*i, 5*i - 471 = -2*l. Is l a composite number?
False
Suppose 23*r = 20*r + 2559. Is r composite?
False
Let z(s) = 430*s + 43. Is z(13) composite?
True
Suppose -4*l - 2*w + 32744 = 0, -6*w = -3*w - 6. Is l prime?
False
Suppose 32241 - 1953 = 16*z. Suppose 2*h - z = -h. Is h composite?
False
Let n be 42/105 + (-16)/(-10). Suppose r = n, 23 = 3*l - 2*l + 2*r. Is l a prime number?
True
Suppose 0 = -2*j - 3*z - 6, -z + 0*z - 10 = -2*j. Suppose d - 9 = -d - j*h, -d - h = -5. Suppose d*q + s = 3*q + 178, -3*s - 162 = -3*q. Is q prime?
False
Suppose 0 = r - s - 3 - 4, 3*r - s = 15. Suppose -4*w = -r*b + b, -3*w = 5*b. Suppose -4*k + b*k = -1172. Is k a prime number?
True
Let q(b) = -b**3 + 12*b**2 + 3*b + 9. Let s = 10 + -14. Let d be 4 - ((-4)/s - 8). Is q(d) a composite number?
False
Suppose 4 = b, -5*u + 17115 = 2*b + 2442. Is u a prime number?
False
Let t = 18668 - 5027. Is t a prime number?
False
Let s = 74982 - 51713. Is s prime?
True
Suppose -3*n = -1040 + 161. Is n prime?
True
Suppose 19*y - 5*y - 24878 = 0. Is y a prime number?
True
Let m(v) = 175*v**2 - 70*v + 10. Is m(-11) prime?
False
Suppose -53*i = -64*i + 3729. Is i composite?
True
Let o = 8509 + -1530. Is o a prime number?
False
Suppose -3*v + 227223 + 67804 = 4*o, 0 = 3*o - 12. Is v composite?
True
Suppose 0 = -4*p + 3*t + 13 - 3, -2*t = 4*p - 20. Suppose 4*q + 3 = 2*i + 25, -p*q + 32 = -4*i. Suppose -2*m - 846 = -4*u, -q*m + 83 = u - 125. Is u composite?
False
Let k = 9744 + -6101. Is k composite?
False
Let r(y) = 41*y**2 - 78*y + 41*y + 269*y**2 - 3 + 40*y. Is r(2) composite?
True
Suppose j + 7 = 4*n, 10 = 2*n + 4*j + 2. Suppose 2940 = n*f - 3766. Is f a composite number?
True
Let c(y) = 7 + 3*y**3 + 2*y + 11*y - 5*y**3 - 2*y. Let n be c(-5). Suppose x - 61 = n. Is x composite?
False
Let w be 153/45 - (-2)/(-5). Let c(f) = f**3 - 2*f**2 - 3. Let x be c(w). Let z = 39 - x. Is z a composite number?
True
Let x be (-14 - -8)*1/(-3). Is (2/(-12)*8049)/((-1)/x) prime?
True
Suppose 2*v + 2*j - 85919 = 79599, -2*j = -5*v + 413781. Is v prime?
True
Suppose 0 = 35*u - 34*u, 2*u + 96549 = 3*n. Is n a composite number?
False
Let u(a) = a**3 + a**2. Let n be u(-1). Suppose 3*h + 5*m = 6*h - 30, -5*h + 2*m = -31. Suppose 4*p = -3*z - n*z + 357, h*p = 0. Is z a composite number?
True
Let z be 4/12*303*1. Let g(h) = 2*h**2 + 5*h + 8. Let l be g(-10). Let t = l - z. Is t a prime number?
False
Suppose 36 = 4*n + 56, -n + 541175 = 4*r. Is r prime?
False
Let c be 3 + 1 + (0 - 4). Suppose -x + 6 + 3 = c. Let w(q) = q**3 - 6*q**2 - 3*q + 3. Is w(x) a prime number?
False
Let m(n) = -2*n**3 - 4*n + 86. Let f(u) = -u**3 - 3*u + 85. Let l(k) = 3*f(k) - 2*m(k). Let t be l(0). Suppose d = 2*d - t. Is d prime?
True
Let z(b) = 11*b**2 - 2 - 14*b**2 + b**3 - 5*b**2 + 9*b + 11. Suppose -4 = -2*u - 5*w, 0 = 2*u - 4*w - w - 24. Is z(u) a prime number?
True
Let i(u) = 2*u**2 - 10*u + 2. Let a be i(5). Suppose 2*r = r + 2*f + 1555, 0 = 2*r + a*f - 3128. Is r composite?
True
Let k = -96504 + 143093. Is k prime?
True
Is (1 - -60)*10*1/2 composite?
True
Suppose 285*v = 281*v + 54628. Is v a composite number?
True
Let h(z) = 6*z**3 + 8*z**2 - 10*z + 4. Let a be h(7). Suppose 0 = 15*w - 7*w - a. Is w composite?
True
Let q(z) = z**3 - 9*z**2 + 8*z + 3. Let d be q(8). Suppose d*u + 8 = 5*u. Suppose -u*k + 155 = k. Is k a prime number?
True
Let m(w) = w + 18. Let a be m(19). Let g(u) = u**2 + 2*u - 2. Let q be g(-4). Let b = a - q. Is b a composite number?
False
Let w(z) = -2*z - 16. Let t be w(3). Is (-553)/(-77) + -7 + (-7894)/t a prime number?
True
Let d = -96 - -96. Suppose d = 4*y - 27369 - 5899. Is y composite?
False
Suppose 0 = -p + 235 - 715. Let v = p - -2581. Is v composite?
True
Let o(g) = 4*g**2 - 38*g - 139. Is o(20) a prime number?
True
Let m(b) = -6*b**2 + 2*b - 8. Let z(q) = 13*q**2 - 4*q + 15. Let w(p) = 5*m(p) + 3*z(p). Let j(y) be the first derivative of w(y). Is j(2) composite?
True
Suppose -420 = -5*z - 0. Suppose -f + z = -0*f. Let m = -17 + f. Is m a prime number?
True
Let m(f) = f**3 - f**2 + 4*f + 11. Let d(r) = 6*r**3 - 4*r**2 + 21*r + 54. Let n(b) = 2*d(b) - 11*m(b). Is n(6) composite?
True
Suppose 2537 = 2*m - 327. Let k = m - 759. Is k a composite number?
False
Let n(u) = 16*u**2 - 24*u + 3. Is n(-34) prime?
False
Let k be (18/9 + (-7)/(-2))*-100. Let b = k - -771. Is b a composite number?
True
Let b be ((-3)/(60/8))/((-3)/15). Suppose 69 = q - 3*w + 5, b*w + 6 = 0. Is q a prime number?
False
Is 943/2*18/45*5 prime?
False
Let d(a) = 14*a. Let y be d(-1). Is 1465*((-8)/y)/((-30)/(-21)) composite?
True
Suppose 5*r - 74 = -29. Let q(c) = 2 - r + 0 + 26*c. Is q(6) a composite number?
False
Let s(d) = -13*d**2 - 1. Let n be s(1). Let q(b) = 5*b**2 - 3. Is q(n) composite?
False
Let d be 2 - 0 - 1*928/(-4). Suppose 4*n - 1370 - d = 0. Is n a prime number?
True
Let v(w) = -w**3 - 2*w**2 + 3. Let d be v(-2). Suppose -d*z - 242 = -1229. Is z a prime number?
False
Let l be 240/25*10/3. Suppose 2*i - 3554 + l = 0. Suppose 2*b = -b + i. Is b composite?
False
Suppose -4*d + 31 + 13 = 0. Suppose 12*x - 253 = d*x. Is x prime?
False
Suppose 81435 = 3*r + 3*d, -41*r = -36*r - 2*d - 135711. Is r a composite number?
False
Suppose 4*k - 10 = -k, 17 = q + 5*k. Is 238/2 - (q - 3) prime?
False
Suppose 16*a = 18*a - 29806. Is a prime?
False
Let w(b) = -b + 2. Let c be w(0). Suppose -4*r - c*j + 2054 = 0, 4*j = -r - 3*r + 2048. Let n = r + -264. Is n composite?
False
Let p(m) be the third derivative of -m**6/60 + m**5/60 + m**4/24 - m**2. Let v be p(-1). Suppose -r - 119 = -v*k - 3*k, 2*k + 4*r = 30. Is k a composite number?
False
Let g(d) = 35*d**2 + 5*d + 53. Is g(-7) a composite number?
False
Let c(n) be the second derivative of -5*n**4/4 - 35*n**3/6 - 17*n**2/2 - 2*n. Let u(w) = 5*w**2 + 12*w + 6. Let t(y) = -4*c(y) - 11*u(y). Is t(-7) prime?
True
Let p(a) = 8*a - 3. Let x be p(15). Suppose -5*r = -2*r + x. Is (-9607)/r - 2/(-3) composite?
True
Suppose 5*t + 4*i - 5323 = -24792, -t + 5*i = 3917. Let d = -2726 - t. Is d prime?
True
Let r be -26 - (0/(-3) + -2). Let a be (-29 - r)/((-5)/2). Suppose a*y - 650 = -184. Is y prime?
True
Suppose 0 = -l + 3*n - 14, -5*l = -0*n + 5*n - 10. Let f = l - -6. Suppose -f*c - z + 648 = z, z = 4*c - 642. Is c a composite number?
True
Suppose 2*p - 812 - 1874 = 0. Is p a composite number?
True
Suppose -4*g + 5792 = -g + b, -3*g = -2*b - 5795. Is g prime?
True
Suppose o - 1226 = f - 10484, o = 5*f - 46286. Is f prime?
True
Let o be (-16 - 4)*(-2)/8. Suppose 4*x - 3 = -p - 2*p, -o*x + 4*p = 4. Suppose -4*n = x, 3*a + 2*n = 6*n + 1371. Is a a prime number?
True
Let u(l) = 21*l**3 + l**2 + 3*l - 5. Let z be u(2). Let i be (2 - -1) + z + 0. Let s = i + -89. Is s composite?
True
Let o(q) = q**2 + 5*q + 6. Let u be o(-3). Suppose -3*s + 706 + 167 = u. Is s a prime number?
False
Suppose 0 = 5*x - 3*t - 6786 - 19318, 0 = -t - 3. Is x composite?
True
Is -22*(-9 - 13030/20) a composite number?
True
Suppose 6 = 5*c - 4. Suppose -u + 5*t + 100 = 0, -t - 187 = -c*u - 4*t. Is u a composite number?
True
Suppose -5*n = o + 301, -3*o - 4*n = -2*n + 968. Suppose -3*t + 12 = 3*k, -5*k + t + 9 = -11. Is (o/k)/((-3)/6) a composite number?
False
Let u(s) = s**2 + 7*s - 6. Let f be u(-7). Is (f/(-24))/((-2)/4)*-6494 prime?
False
Suppose 5*g - 52362 = -18357. Is g composite?
True
Suppose 0*q + 2702352 = 48*q. Is q a composite number?
False
Suppose -1884 = -3*u + 81. Is u a composite number?
True
Let t = -6 + 3. Let j be t + 4/((-8)/(-1790)). Suppose 0 = 4*n - 7*f + 5*f - 1778, -2*n = 2*f - j. Is n composite?
True
Let r be (-72)/(-20)*((-9)/(-6) + 1). Suppose -5*n - 7028 = -r*n. Is n a prime number?
False
Let k be ((-4)/(-16)*3)/((-1)/(-8)). Suppose -k*v = -1896 - 378. Is v prime?
True
Let c be 3 + 3/(-3) + -8. Let z be 4/(-6) + (-22)/c. Suppose -3*q - 29 - 145 = -3*p, -3*p = z*q - 144. Is p prime?
True
Let x be (-2 + (-15)/(-9))*-12. Suppose 2*c = c + 4*d + 501, -2*c = -x*d - 994. Suppose -2*m + m = -c. Is m a prime number?
False
Let u(w) = -2*w**3 + 2*w**2 + 5*w - 9. Let z be u(3). Is (-887)/(-15) - -1*4/z prime?
True
Let t(r) = 897*r**2 + 6*r + 8. Let v(z) = -z**2 - z. Let d(l) = t(l) + v(l). 